{"id":396,"date":"2025-11-12T13:18:36","date_gmt":"2025-11-12T13:18:36","guid":{"rendered":"https:\/\/www.semeccel.com\/?post_type=projet&#038;p=396"},"modified":"2025-12-15T16:25:50","modified_gmt":"2025-12-15T16:25:50","slug":"coupole-dastronomie","status":"publish","type":"projet","link":"https:\/\/www.semeccel.com\/en\/projet\/coupole-dastronomie\/","title":{"rendered":"La coupole de l&#8217;astronome"},"content":{"rendered":"\n<p>Un v\u00e9ritable observatoire grand public pour d\u00e9couvrir le Soleil et les astres visibles en journ\u00e9e depuis la Cit\u00e9 de l\u2019espace.<\/p>\n","protected":false},"excerpt":{"rendered":"Un v\u00e9ritable observatoire grand public pour d\u00e9couvrir le Soleil et les astres visibles en journ\u00e9e depuis la Cit\u00e9 de l\u2019espace.","protected":false},"featured_media":397,"template":"","class_list":["post-396","projet","type-projet","status-publish","has-post-thumbnail","hentry"],"acf":[],"yoast_head":"<!-- This site is optimized with the Yoast SEO plugin v26.5 - https:\/\/yoast.com\/wordpress\/plugins\/seo\/ -->\n<title>La coupole de l&#039;astronome - Semeccel<\/title>\n<meta name=\"robots\" content=\"index, follow, max-snippet:-1, max-image-preview:large, max-video-preview:-1\" \/>\n<link rel=\"canonical\" href=\"https:\/\/www.semeccel.com\/en\/projet\/coupole-dastronomie\/\" \/>\n<meta property=\"og:locale\" content=\"en_US\" \/>\n<meta property=\"og:type\" content=\"article\" \/>\n<meta property=\"og:title\" content=\"La coupole de l&#039;astronome - Semeccel\" \/>\n<meta property=\"og:description\" content=\"Un v\u00e9ritable observatoire grand public pour d\u00e9couvrir le Soleil et les astres visibles en journ\u00e9e depuis la Cit\u00e9 de l\u2019espace.\" \/>\n<meta property=\"og:url\" content=\"https:\/\/www.semeccel.com\/en\/projet\/coupole-dastronomie\/\" \/>\n<meta property=\"og:site_name\" content=\"Semeccel\" \/>\n<meta property=\"article:modified_time\" content=\"2025-12-15T16:25:50+00:00\" \/>\n<meta property=\"og:image\" content=\"https:\/\/www.semeccel.com\/wp-content\/uploads\/2025\/11\/coupole-astronome-citedelespace.jpg\" \/>\n\t<meta property=\"og:image:width\" content=\"1200\" \/>\n\t<meta property=\"og:image:height\" content=\"800\" \/>\n\t<meta property=\"og:image:type\" content=\"image\/jpeg\" \/>\n<meta name=\"twitter:card\" content=\"summary_large_image\" \/>\n<meta name=\"twitter:label1\" content=\"Est. reading time\" \/>\n\t<meta name=\"twitter:data1\" content=\"1 minute\" \/>\n<script type=\"application\/ld+json\" class=\"yoast-schema-graph\">{\"@context\":\"https:\/\/schema.org\",\"@graph\":[{\"@type\":\"WebPage\",\"@id\":\"https:\/\/www.semeccel.com\/en\/projet\/coupole-dastronomie\/\",\"url\":\"https:\/\/www.semeccel.com\/en\/projet\/coupole-dastronomie\/\",\"name\":\"La coupole de l'astronome - Semeccel\",\"isPartOf\":{\"@id\":\"https:\/\/www.semeccel.com\/en\/#website\"},\"primaryImageOfPage\":{\"@id\":\"https:\/\/www.semeccel.com\/en\/projet\/coupole-dastronomie\/#primaryimage\"},\"image\":{\"@id\":\"https:\/\/www.semeccel.com\/en\/projet\/coupole-dastronomie\/#primaryimage\"},\"thumbnailUrl\":\"https:\/\/www.semeccel.com\/wp-content\/uploads\/2025\/11\/coupole-astronome-citedelespace.jpg\",\"datePublished\":\"2025-11-12T13:18:36+00:00\",\"dateModified\":\"2025-12-15T16:25:50+00:00\",\"breadcrumb\":{\"@id\":\"https:\/\/www.semeccel.com\/en\/projet\/coupole-dastronomie\/#breadcrumb\"},\"inLanguage\":\"en-US\",\"potentialAction\":[{\"@type\":\"ReadAction\",\"target\":[\"https:\/\/www.semeccel.com\/en\/projet\/coupole-dastronomie\/\"]}]},{\"@type\":\"ImageObject\",\"inLanguage\":\"en-US\",\"@id\":\"https:\/\/www.semeccel.com\/en\/projet\/coupole-dastronomie\/#primaryimage\",\"url\":\"https:\/\/www.semeccel.com\/wp-content\/uploads\/2025\/11\/coupole-astronome-citedelespace.jpg\",\"contentUrl\":\"https:\/\/www.semeccel.com\/wp-content\/uploads\/2025\/11\/coupole-astronome-citedelespace.jpg\",\"width\":1200,\"height\":800},{\"@type\":\"BreadcrumbList\",\"@id\":\"https:\/\/www.semeccel.com\/en\/projet\/coupole-dastronomie\/#breadcrumb\",\"itemListElement\":[{\"@type\":\"ListItem\",\"position\":1,\"name\":\"Accueil\",\"item\":\"https:\/\/www.semeccel.com\/en\/\"},{\"@type\":\"ListItem\",\"position\":2,\"name\":\"Projets\",\"item\":\"https:\/\/www.semeccel.com\/en\/projet\/\"},{\"@type\":\"ListItem\",\"position\":3,\"name\":\"La coupole de l&rsquo;astronome\"}]},{\"@type\":\"WebSite\",\"@id\":\"https:\/\/www.semeccel.com\/en\/#website\",\"url\":\"https:\/\/www.semeccel.com\/en\/\",\"name\":\"Semeccel\",\"description\":\"\",\"potentialAction\":[{\"@type\":\"SearchAction\",\"target\":{\"@type\":\"EntryPoint\",\"urlTemplate\":\"https:\/\/www.semeccel.com\/en\/?s={search_term_string}\"},\"query-input\":{\"@type\":\"PropertyValueSpecification\",\"valueRequired\":true,\"valueName\":\"search_term_string\"}}],\"inLanguage\":\"en-US\"}]}<\/script>\n<!-- \/ Yoast SEO plugin. -->","yoast_head_json":{"title":"La coupole de l'astronome - Semeccel","robots":{"index":"index","follow":"follow","max-snippet":"max-snippet:-1","max-image-preview":"max-image-preview:large","max-video-preview":"max-video-preview:-1"},"canonical":"https:\/\/www.semeccel.com\/en\/projet\/coupole-dastronomie\/","og_locale":"en_US","og_type":"article","og_title":"La coupole de l'astronome - Semeccel","og_description":"Un v\u00e9ritable observatoire grand public pour d\u00e9couvrir le Soleil et les astres visibles en journ\u00e9e depuis la Cit\u00e9 de l\u2019espace.","og_url":"https:\/\/www.semeccel.com\/en\/projet\/coupole-dastronomie\/","og_site_name":"Semeccel","article_modified_time":"2025-12-15T16:25:50+00:00","og_image":[{"width":1200,"height":800,"url":"https:\/\/www.semeccel.com\/wp-content\/uploads\/2025\/11\/coupole-astronome-citedelespace.jpg","type":"image\/jpeg"}],"twitter_card":"summary_large_image","twitter_misc":{"Est. reading time":"1 minute"},"schema":{"@context":"https:\/\/schema.org","@graph":[{"@type":"WebPage","@id":"https:\/\/www.semeccel.com\/en\/projet\/coupole-dastronomie\/","url":"https:\/\/www.semeccel.com\/en\/projet\/coupole-dastronomie\/","name":"La coupole de l'astronome - Semeccel","isPartOf":{"@id":"https:\/\/www.semeccel.com\/en\/#website"},"primaryImageOfPage":{"@id":"https:\/\/www.semeccel.com\/en\/projet\/coupole-dastronomie\/#primaryimage"},"image":{"@id":"https:\/\/www.semeccel.com\/en\/projet\/coupole-dastronomie\/#primaryimage"},"thumbnailUrl":"https:\/\/www.semeccel.com\/wp-content\/uploads\/2025\/11\/coupole-astronome-citedelespace.jpg","datePublished":"2025-11-12T13:18:36+00:00","dateModified":"2025-12-15T16:25:50+00:00","breadcrumb":{"@id":"https:\/\/www.semeccel.com\/en\/projet\/coupole-dastronomie\/#breadcrumb"},"inLanguage":"en-US","potentialAction":[{"@type":"ReadAction","target":["https:\/\/www.semeccel.com\/en\/projet\/coupole-dastronomie\/"]}]},{"@type":"ImageObject","inLanguage":"en-US","@id":"https:\/\/www.semeccel.com\/en\/projet\/coupole-dastronomie\/#primaryimage","url":"https:\/\/www.semeccel.com\/wp-content\/uploads\/2025\/11\/coupole-astronome-citedelespace.jpg","contentUrl":"https:\/\/www.semeccel.com\/wp-content\/uploads\/2025\/11\/coupole-astronome-citedelespace.jpg","width":1200,"height":800},{"@type":"BreadcrumbList","@id":"https:\/\/www.semeccel.com\/en\/projet\/coupole-dastronomie\/#breadcrumb","itemListElement":[{"@type":"ListItem","position":1,"name":"Accueil","item":"https:\/\/www.semeccel.com\/en\/"},{"@type":"ListItem","position":2,"name":"Projets","item":"https:\/\/www.semeccel.com\/en\/projet\/"},{"@type":"ListItem","position":3,"name":"La coupole de l&rsquo;astronome"}]},{"@type":"WebSite","@id":"https:\/\/www.semeccel.com\/en\/#website","url":"https:\/\/www.semeccel.com\/en\/","name":"Semeccel","description":"","potentialAction":[{"@type":"SearchAction","target":{"@type":"EntryPoint","urlTemplate":"https:\/\/www.semeccel.com\/en\/?s={search_term_string}"},"query-input":{"@type":"PropertyValueSpecification","valueRequired":true,"valueName":"search_term_string"}}],"inLanguage":"en-US"}]}},"_links":{"self":[{"href":"https:\/\/www.semeccel.com\/en\/wp-json\/wp\/v2\/projet\/396","targetHints":{"allow":["GET"]}}],"collection":[{"href":"https:\/\/www.semeccel.com\/en\/wp-json\/wp\/v2\/projet"}],"about":[{"href":"https:\/\/www.semeccel.com\/en\/wp-json\/wp\/v2\/types\/projet"}],"wp:featuredmedia":[{"embeddable":true,"href":"https:\/\/www.semeccel.com\/en\/wp-json\/wp\/v2\/media\/397"}],"wp:attachment":[{"href":"https:\/\/www.semeccel.com\/en\/wp-json\/wp\/v2\/media?parent=396"}],"curies":[{"name":"wp","href":"https:\/\/api.w.org\/{rel}","templated":true}]}}

<p>Un véritable observatoire grand public pour découvrir le Soleil et les astres visibles en journée depuis la Cité de l’espace.</p>

Un véritable observatoire grand public pour découvrir le Soleil et les astres visibles en journée depuis la Cité de l’espace.

<!-- This site is optimized with the Yoast SEO plugin v26.5 - https://yoast.com/wordpress/plugins/seo/ -->
<title>La coupole de l&#039;astronome - Semeccel</title>
<meta name="robots" content="index, follow, max-snippet:-1, max-image-preview:large, max-video-preview:-1" />
<link rel="canonical" href="https://www.semeccel.com/en/projet/coupole-dastronomie/" />
<meta property="og:locale" content="en_US" />
<meta property="og:type" content="article" />
<meta property="og:title" content="La coupole de l&#039;astronome - Semeccel" />
<meta property="og:description" content="Un véritable observatoire grand public pour découvrir le Soleil et les astres visibles en journée depuis la Cité de l’espace." />
<meta property="og:url" content="https://www.semeccel.com/en/projet/coupole-dastronomie/" />
<meta property="og:site_name" content="Semeccel" />
<meta property="article:modified_time" content="2025-12-15T16:25:50+00:00" />
<meta property="og:image" content="https://www.semeccel.com/wp-content/uploads/2025/11/coupole-astronome-citedelespace.jpg" />
	<meta property="og:image:width" content="1200" />
	<meta property="og:image:height" content="800" />
	<meta property="og:image:type" content="image/jpeg" />
<meta name="twitter:card" content="summary_large_image" />
<meta name="twitter:label1" content="Est. reading time" />
	<meta name="twitter:data1" content="1 minute" />
<script type="application/ld+json" class="yoast-schema-graph">{"@context":"https://schema.org","@graph":[{"@type":"WebPage","@id":"https://www.semeccel.com/en/projet/coupole-dastronomie/","url":"https://www.semeccel.com/en/projet/coupole-dastronomie/","name":"La coupole de l'astronome - Semeccel","isPartOf":{"@id":"https://www.semeccel.com/en/#website"},"primaryImageOfPage":{"@id":"https://www.semeccel.com/en/projet/coupole-dastronomie/#primaryimage"},"image":{"@id":"https://www.semeccel.com/en/projet/coupole-dastronomie/#primaryimage"},"thumbnailUrl":"https://www.semeccel.com/wp-content/uploads/2025/11/coupole-astronome-citedelespace.jpg","datePublished":"2025-11-12T13:18:36+00:00","dateModified":"2025-12-15T16:25:50+00:00","breadcrumb":{"@id":"https://www.semeccel.com/en/projet/coupole-dastronomie/#breadcrumb"},"inLanguage":"en-US","potentialAction":[{"@type":"ReadAction","target":["https://www.semeccel.com/en/projet/coupole-dastronomie/"]}]},{"@type":"ImageObject","inLanguage":"en-US","@id":"https://www.semeccel.com/en/projet/coupole-dastronomie/#primaryimage","url":"https://www.semeccel.com/wp-content/uploads/2025/11/coupole-astronome-citedelespace.jpg","contentUrl":"https://www.semeccel.com/wp-content/uploads/2025/11/coupole-astronome-citedelespace.jpg","width":1200,"height":800},{"@type":"BreadcrumbList","@id":"https://www.semeccel.com/en/projet/coupole-dastronomie/#breadcrumb","itemListElement":[{"@type":"ListItem","position":1,"name":"Accueil","item":"https://www.semeccel.com/en/"},{"@type":"ListItem","position":2,"name":"Projets","item":"https://www.semeccel.com/en/projet/"},{"@type":"ListItem","position":3,"name":"La coupole de l&rsquo;astronome"}]},{"@type":"WebSite","@id":"https://www.semeccel.com/en/#website","url":"https://www.semeccel.com/en/","name":"Semeccel","description":"","potentialAction":[{"@type":"SearchAction","target":{"@type":"EntryPoint","urlTemplate":"https://www.semeccel.com/en/?s={search_term_string}"},"query-input":{"@type":"PropertyValueSpecification","valueRequired":true,"valueName":"search_term_string"}}],"inLanguage":"en-US"}]}</script>
<!-- / Yoast SEO plugin. -->
