{"id":430,"date":"2025-11-12T14:06:22","date_gmt":"2025-11-12T14:06:22","guid":{"rendered":"https:\/\/www.semeccel.com\/?post_type=projet&#038;p=430"},"modified":"2025-11-12T14:06:28","modified_gmt":"2025-11-12T14:06:28","slug":"el-nino-la-nina","status":"publish","type":"projet","link":"https:\/\/www.semeccel.com\/es\/projet\/el-nino-la-nina\/","title":{"rendered":"El Ni\u00f1o, la Ni\u00f1a"},"content":{"rendered":"\n<p>Conception et suivi de r\u00e9alisation d\u2019une exposition itin\u00e9rante en partenariat avec le Parque Explora Medellin dans le cadre de l\u2019Ann\u00e9e France-Colombie.<\/p>\n","protected":false},"excerpt":{"rendered":"Conception et suivi de r\u00e9alisation d\u2019une exposition itin\u00e9rante en partenariat avec le Parque Explora Medellin dans le cadre de l\u2019Ann\u00e9e France-Colombie.","protected":false},"featured_media":429,"template":"","class_list":["post-430","projet","type-projet","status-publish","has-post-thumbnail","hentry"],"acf":[],"yoast_head":"<!-- This site is optimized with the Yoast SEO plugin v26.5 - https:\/\/yoast.com\/wordpress\/plugins\/seo\/ -->\n<title>El Ni\u00f1o, la Ni\u00f1a - Semeccel<\/title>\n<meta name=\"robots\" content=\"index, follow, max-snippet:-1, max-image-preview:large, max-video-preview:-1\" \/>\n<link rel=\"canonical\" href=\"https:\/\/www.semeccel.com\/es\/projet\/el-nino-la-nina\/\" \/>\n<meta property=\"og:locale\" content=\"es_ES\" \/>\n<meta property=\"og:type\" content=\"article\" \/>\n<meta property=\"og:title\" content=\"El Ni\u00f1o, la Ni\u00f1a - Semeccel\" \/>\n<meta property=\"og:description\" content=\"Conception et suivi de r\u00e9alisation d\u2019une exposition itin\u00e9rante en partenariat avec le Parque Explora Medellin dans le cadre de l\u2019Ann\u00e9e France-Colombie.\" \/>\n<meta property=\"og:url\" content=\"https:\/\/www.semeccel.com\/es\/projet\/el-nino-la-nina\/\" \/>\n<meta property=\"og:site_name\" content=\"Semeccel\" \/>\n<meta property=\"article:modified_time\" content=\"2025-11-12T14:06:28+00:00\" \/>\n<meta property=\"og:image\" content=\"https:\/\/www.semeccel.com\/wp-content\/uploads\/2025\/11\/eau-du-haut.jpg\" \/>\n\t<meta property=\"og:image:width\" content=\"1920\" \/>\n\t<meta property=\"og:image:height\" content=\"1080\" \/>\n\t<meta property=\"og:image:type\" content=\"image\/jpeg\" \/>\n<meta name=\"twitter:card\" content=\"summary_large_image\" \/>\n<meta name=\"twitter:label1\" content=\"Est. reading time\" \/>\n\t<meta name=\"twitter:data1\" content=\"1 minute\" \/>\n<script type=\"application\/ld+json\" class=\"yoast-schema-graph\">{\"@context\":\"https:\/\/schema.org\",\"@graph\":[{\"@type\":\"WebPage\",\"@id\":\"https:\/\/www.semeccel.com\/es\/projet\/el-nino-la-nina\/\",\"url\":\"https:\/\/www.semeccel.com\/es\/projet\/el-nino-la-nina\/\",\"name\":\"El Ni\u00f1o, la Ni\u00f1a - Semeccel\",\"isPartOf\":{\"@id\":\"https:\/\/www.semeccel.com\/es\/#website\"},\"primaryImageOfPage\":{\"@id\":\"https:\/\/www.semeccel.com\/es\/projet\/el-nino-la-nina\/#primaryimage\"},\"image\":{\"@id\":\"https:\/\/www.semeccel.com\/es\/projet\/el-nino-la-nina\/#primaryimage\"},\"thumbnailUrl\":\"https:\/\/www.semeccel.com\/wp-content\/uploads\/2025\/11\/eau-du-haut.jpg\",\"datePublished\":\"2025-11-12T14:06:22+00:00\",\"dateModified\":\"2025-11-12T14:06:28+00:00\",\"breadcrumb\":{\"@id\":\"https:\/\/www.semeccel.com\/es\/projet\/el-nino-la-nina\/#breadcrumb\"},\"inLanguage\":\"es-ES\",\"potentialAction\":[{\"@type\":\"ReadAction\",\"target\":[\"https:\/\/www.semeccel.com\/es\/projet\/el-nino-la-nina\/\"]}]},{\"@type\":\"ImageObject\",\"inLanguage\":\"es-ES\",\"@id\":\"https:\/\/www.semeccel.com\/es\/projet\/el-nino-la-nina\/#primaryimage\",\"url\":\"https:\/\/www.semeccel.com\/wp-content\/uploads\/2025\/11\/eau-du-haut.jpg\",\"contentUrl\":\"https:\/\/www.semeccel.com\/wp-content\/uploads\/2025\/11\/eau-du-haut.jpg\",\"width\":1920,\"height\":1080,\"caption\":\"User comments\"},{\"@type\":\"BreadcrumbList\",\"@id\":\"https:\/\/www.semeccel.com\/es\/projet\/el-nino-la-nina\/#breadcrumb\",\"itemListElement\":[{\"@type\":\"ListItem\",\"position\":1,\"name\":\"Accueil\",\"item\":\"https:\/\/www.semeccel.com\/es\/\"},{\"@type\":\"ListItem\",\"position\":2,\"name\":\"Projets\",\"item\":\"https:\/\/www.semeccel.com\/es\/projet\/\"},{\"@type\":\"ListItem\",\"position\":3,\"name\":\"El Ni\u00f1o, la Ni\u00f1a\"}]},{\"@type\":\"WebSite\",\"@id\":\"https:\/\/www.semeccel.com\/es\/#website\",\"url\":\"https:\/\/www.semeccel.com\/es\/\",\"name\":\"Semeccel\",\"description\":\"\",\"potentialAction\":[{\"@type\":\"SearchAction\",\"target\":{\"@type\":\"EntryPoint\",\"urlTemplate\":\"https:\/\/www.semeccel.com\/es\/?s={search_term_string}\"},\"query-input\":{\"@type\":\"PropertyValueSpecification\",\"valueRequired\":true,\"valueName\":\"search_term_string\"}}],\"inLanguage\":\"es-ES\"}]}<\/script>\n<!-- \/ Yoast SEO plugin. -->","yoast_head_json":{"title":"El Ni\u00f1o, la Ni\u00f1a - Semeccel","robots":{"index":"index","follow":"follow","max-snippet":"max-snippet:-1","max-image-preview":"max-image-preview:large","max-video-preview":"max-video-preview:-1"},"canonical":"https:\/\/www.semeccel.com\/es\/projet\/el-nino-la-nina\/","og_locale":"es_ES","og_type":"article","og_title":"El Ni\u00f1o, la Ni\u00f1a - Semeccel","og_description":"Conception et suivi de r\u00e9alisation d\u2019une exposition itin\u00e9rante en partenariat avec le Parque Explora Medellin dans le cadre de l\u2019Ann\u00e9e France-Colombie.","og_url":"https:\/\/www.semeccel.com\/es\/projet\/el-nino-la-nina\/","og_site_name":"Semeccel","article_modified_time":"2025-11-12T14:06:28+00:00","og_image":[{"width":1920,"height":1080,"url":"https:\/\/www.semeccel.com\/wp-content\/uploads\/2025\/11\/eau-du-haut.jpg","type":"image\/jpeg"}],"twitter_card":"summary_large_image","twitter_misc":{"Est. reading time":"1 minute"},"schema":{"@context":"https:\/\/schema.org","@graph":[{"@type":"WebPage","@id":"https:\/\/www.semeccel.com\/es\/projet\/el-nino-la-nina\/","url":"https:\/\/www.semeccel.com\/es\/projet\/el-nino-la-nina\/","name":"El Ni\u00f1o, la Ni\u00f1a - Semeccel","isPartOf":{"@id":"https:\/\/www.semeccel.com\/es\/#website"},"primaryImageOfPage":{"@id":"https:\/\/www.semeccel.com\/es\/projet\/el-nino-la-nina\/#primaryimage"},"image":{"@id":"https:\/\/www.semeccel.com\/es\/projet\/el-nino-la-nina\/#primaryimage"},"thumbnailUrl":"https:\/\/www.semeccel.com\/wp-content\/uploads\/2025\/11\/eau-du-haut.jpg","datePublished":"2025-11-12T14:06:22+00:00","dateModified":"2025-11-12T14:06:28+00:00","breadcrumb":{"@id":"https:\/\/www.semeccel.com\/es\/projet\/el-nino-la-nina\/#breadcrumb"},"inLanguage":"es-ES","potentialAction":[{"@type":"ReadAction","target":["https:\/\/www.semeccel.com\/es\/projet\/el-nino-la-nina\/"]}]},{"@type":"ImageObject","inLanguage":"es-ES","@id":"https:\/\/www.semeccel.com\/es\/projet\/el-nino-la-nina\/#primaryimage","url":"https:\/\/www.semeccel.com\/wp-content\/uploads\/2025\/11\/eau-du-haut.jpg","contentUrl":"https:\/\/www.semeccel.com\/wp-content\/uploads\/2025\/11\/eau-du-haut.jpg","width":1920,"height":1080,"caption":"User comments"},{"@type":"BreadcrumbList","@id":"https:\/\/www.semeccel.com\/es\/projet\/el-nino-la-nina\/#breadcrumb","itemListElement":[{"@type":"ListItem","position":1,"name":"Accueil","item":"https:\/\/www.semeccel.com\/es\/"},{"@type":"ListItem","position":2,"name":"Projets","item":"https:\/\/www.semeccel.com\/es\/projet\/"},{"@type":"ListItem","position":3,"name":"El Ni\u00f1o, la Ni\u00f1a"}]},{"@type":"WebSite","@id":"https:\/\/www.semeccel.com\/es\/#website","url":"https:\/\/www.semeccel.com\/es\/","name":"Semeccel","description":"","potentialAction":[{"@type":"SearchAction","target":{"@type":"EntryPoint","urlTemplate":"https:\/\/www.semeccel.com\/es\/?s={search_term_string}"},"query-input":{"@type":"PropertyValueSpecification","valueRequired":true,"valueName":"search_term_string"}}],"inLanguage":"es-ES"}]}},"_links":{"self":[{"href":"https:\/\/www.semeccel.com\/es\/wp-json\/wp\/v2\/projet\/430","targetHints":{"allow":["GET"]}}],"collection":[{"href":"https:\/\/www.semeccel.com\/es\/wp-json\/wp\/v2\/projet"}],"about":[{"href":"https:\/\/www.semeccel.com\/es\/wp-json\/wp\/v2\/types\/projet"}],"wp:featuredmedia":[{"embeddable":true,"href":"https:\/\/www.semeccel.com\/es\/wp-json\/wp\/v2\/media\/429"}],"wp:attachment":[{"href":"https:\/\/www.semeccel.com\/es\/wp-json\/wp\/v2\/media?parent=430"}],"curies":[{"name":"wp","href":"https:\/\/api.w.org\/{rel}","templated":true}]}}

El Niño, la Niña

<p>Conception et suivi de réalisation d’une exposition itinérante en partenariat avec le Parque Explora Medellin dans le cadre de l’Année France-Colombie.</p>

Conception et suivi de réalisation d’une exposition itinérante en partenariat avec le Parque Explora Medellin dans le cadre de l’Année France-Colombie.

<!-- This site is optimized with the Yoast SEO plugin v26.5 - https://yoast.com/wordpress/plugins/seo/ -->
<title>El Niño, la Niña - Semeccel</title>
<meta name="robots" content="index, follow, max-snippet:-1, max-image-preview:large, max-video-preview:-1" />
<link rel="canonical" href="https://www.semeccel.com/es/projet/el-nino-la-nina/" />
<meta property="og:locale" content="es_ES" />
<meta property="og:type" content="article" />
<meta property="og:title" content="El Niño, la Niña - Semeccel" />
<meta property="og:description" content="Conception et suivi de réalisation d’une exposition itinérante en partenariat avec le Parque Explora Medellin dans le cadre de l’Année France-Colombie." />
<meta property="og:url" content="https://www.semeccel.com/es/projet/el-nino-la-nina/" />
<meta property="og:site_name" content="Semeccel" />
<meta property="article:modified_time" content="2025-11-12T14:06:28+00:00" />
<meta property="og:image" content="https://www.semeccel.com/wp-content/uploads/2025/11/eau-du-haut.jpg" />
	<meta property="og:image:width" content="1920" />
	<meta property="og:image:height" content="1080" />
	<meta property="og:image:type" content="image/jpeg" />
<meta name="twitter:card" content="summary_large_image" />
<meta name="twitter:label1" content="Est. reading time" />
	<meta name="twitter:data1" content="1 minute" />
<script type="application/ld+json" class="yoast-schema-graph">{"@context":"https://schema.org","@graph":[{"@type":"WebPage","@id":"https://www.semeccel.com/es/projet/el-nino-la-nina/","url":"https://www.semeccel.com/es/projet/el-nino-la-nina/","name":"El Niño, la Niña - Semeccel","isPartOf":{"@id":"https://www.semeccel.com/es/#website"},"primaryImageOfPage":{"@id":"https://www.semeccel.com/es/projet/el-nino-la-nina/#primaryimage"},"image":{"@id":"https://www.semeccel.com/es/projet/el-nino-la-nina/#primaryimage"},"thumbnailUrl":"https://www.semeccel.com/wp-content/uploads/2025/11/eau-du-haut.jpg","datePublished":"2025-11-12T14:06:22+00:00","dateModified":"2025-11-12T14:06:28+00:00","breadcrumb":{"@id":"https://www.semeccel.com/es/projet/el-nino-la-nina/#breadcrumb"},"inLanguage":"es-ES","potentialAction":[{"@type":"ReadAction","target":["https://www.semeccel.com/es/projet/el-nino-la-nina/"]}]},{"@type":"ImageObject","inLanguage":"es-ES","@id":"https://www.semeccel.com/es/projet/el-nino-la-nina/#primaryimage","url":"https://www.semeccel.com/wp-content/uploads/2025/11/eau-du-haut.jpg","contentUrl":"https://www.semeccel.com/wp-content/uploads/2025/11/eau-du-haut.jpg","width":1920,"height":1080,"caption":"User comments"},{"@type":"BreadcrumbList","@id":"https://www.semeccel.com/es/projet/el-nino-la-nina/#breadcrumb","itemListElement":[{"@type":"ListItem","position":1,"name":"Accueil","item":"https://www.semeccel.com/es/"},{"@type":"ListItem","position":2,"name":"Projets","item":"https://www.semeccel.com/es/projet/"},{"@type":"ListItem","position":3,"name":"El Niño, la Niña"}]},{"@type":"WebSite","@id":"https://www.semeccel.com/es/#website","url":"https://www.semeccel.com/es/","name":"Semeccel","description":"","potentialAction":[{"@type":"SearchAction","target":{"@type":"EntryPoint","urlTemplate":"https://www.semeccel.com/es/?s={search_term_string}"},"query-input":{"@type":"PropertyValueSpecification","valueRequired":true,"valueName":"search_term_string"}}],"inLanguage":"es-ES"}]}</script>
<!-- / Yoast SEO plugin. -->

El Niño, la Niña - Semeccel
